 derivative of -x**4/12 + x**3 + 3*x**2/2 - x. Suppose -3*i - 3 = -3*v, 3*v + 5*i = -0*v + 35. Give q(v).
8
Let g(f) = f**2 + f + 1. Let s(d) = d**3 - 11*d**2 - 7. Let w(p) = -5*g(p) - s(p). Give w(3).
14
Let q(j) = 5*j**2 + 12*j + 2. Let b(x) = -3*x**2 - 3*x + 1. Let d(t) = 13*t**2 + 13*t - 4. Let h(k) = 9*b(k) + 2*d(k). Let f(y) = -4*h(y) - q(y). Give f(-5).
9
Let q(w) = 8*w + 2 - 3 - 7*w. What is q(1)?
0
Let s(u) = -2*u**2 + u - 5. Let n be s(0). Let c(w) = -w**2 - 4*w + 7. Calculate c(n).
2
Let z(j) = j + 1. Let s be (0 - 2)/((-4)/6). Give z(s).
4
Let f(k) = 4 + 3*k + k + 0*k - 3*k + k**2. Give f(-3).
10
Let u(w) = 2*w**3 - w**2 + 1. Suppose -2*x + 4*x = b + 7, 3*b + 7 = -x. Let r be 0*x/6 - -14. Suppose 3*y + 20 = -5*p, y - 5 + r = -4*p. What is u(p)?
-2
Let t(c) = -c**2 + 3*c - 2. Let r be t(3). Let b(x) = -7*x**2 + 2*x - 2. Let p(u) = -4*u**2 + u - 1. Let j(g) = 3*b(g) - 5*p(g). Give j(r).
-7
Let f(s) = -2*s**2 - 7*s + 5. Let v be f(-4). Let b(p) = 3*p**2 - 3 + 3. Calculate b(v).
3
Let k(g) = -g - 8. Let b(j) = 22*j. Let q be b(1). Suppose -u - q = -5*i + 2*u, 2*i - 8 = 2*u. Suppose -i*r - 30 + 0 = 0. What is k(r)?
-2
Let o(m) = m - 3. Let s(u) = -u + 2. Let a(b) = -2*o(b) - 3*s(b). Calculate a(-4).
-4
Suppose -b - 4 = -h - 17, 2*b + h - 20 = 0. Let r be 22/6 + b/33. Let n(o) = -2*o + 5. What is n(r)?
-3
Let w(i) = -2*i - 3*i + i + 5*i. Let c = -4 - 6. Let h be ((-10)/(-25))/(2/c). Give w(h).
-2
Let r(h) = -5*h**2 + 19*h - 7. Let x be r(3). Let k(p) be the first derivative of p**3/3 - 3*p**2/2 - 4*p + 1. What is k(x)?
6
Let k(d) = -d**2 - 4*d + 13. Let y be k(-6). Let g(b) = b + 1. Give g(y).
2
Let y(a) be the first derivative of -a**2 + 11*a - 3. What is y(8)?
-5
Let w(r) = -r**2 + 7*r. Let q = 29 + -23. Determine w(q).
6
Let k be 42/4 + -2 + (-10)/20. Let q(g) = -2*g + 10. What is q(k)?
-6
Let m(f) = 2*f**2 - f - 2. Let p(u) = -u**2 - 11*u - 4. Let t be p(-8). Suppose -5*o + 2*o - 3*c = 3, 0 = 4*o - 4*c - t. What is m(o)?
4
Let q(o) = -o - 5. Let x(j) = j - 4. Suppose -2*p = -d + p - 8, -4*d - 3*p = -28. Let k be x(d). Let l = -3 + k. Determine q(l).
-2
Let a = 19 + -20. Let p(l) = -17*l**2 - 2*l - 1. What is p(a)?
-16
Let d(b) = -2*b**3 - 3*b**2 - b - 5. Let g(y) = -3*y**3 - 3*y**2 - 5. Let r(i) = 4*d(i) - 3*g(i). Suppose 2*f - 13 = z, -5*f = 3*z + 2*z + 5. Give r(f).
-5
Let p(d) be the second derivative of d**4/12 - 7*d**3/6 - 7*d**2/2 + 5*d. Calculate p(6).
-13
Let j(g) = -2*g - 6. Let a = -8 + 2. Give j(a).
6
Let w(b) be the first derivative of -b**7/840 + b**6/90 - b**4/8 + b**3/3 - 3. Let g(d) be the third derivative of w(d). Give g(4).
-3
Let o(y) = -2*y + 28. Let b be o(17). Let l(c) = -c. Let u be l(-2). Let s be 1/(u/4) + b. Let i(a) = 2*a + 3. What is i(s)?
-5
Let r(b) = b + 2. Suppose -2*f + 2*d = -6*f + 12, -5*f = 3*d - 17. Let x = 3 + f. Calculate r(x).
6
Let j(v) = 3*v**2 + v - 8. Let s(q) = 2*q**2 - 7. Let h(i) = 3*j(i) - 4*s(i). Suppose -7 + 3 = -4*g + 4*d, 2*d = 4*g + 4. Calculate h(g).
4
Let b(n) = -3*n**2 - 8*n - 1. Let p(y) = -4*y**2 - 9*y - 1. Let h = -6 - -1. Let q(t) = h*b(t) + 4*p(t). Let k = 2 + 2. What is q(k)?
1
Let d = -4 + 2. Let m = -2 - d. Let w(j) = j**2 - 4. Let s(x) = x - 1. Let q(p) = -s(p) + w(p). What is q(m)?
-3
Let r(p) be the second derivative of 7*p**5/20 + p - 17. What is r(1)?
7
Let z(v) = v**2 + 3*v + 3. Suppose -5*u + 9 = -11. Suppose -4*o = -5*k - 4, 20 = -u*o - 2*k + k. Calculate z(o).
7
Suppose -2*q = -0*q - 4. Suppose g - 6 = -q*v, -5*g + 4*v - 12 = -0*g. Let w(n) be the third derivative of -n**4/24 - 4*n**3/3 + n**2. Calculate w(g).
-8
Suppose -1 = -w - 5*q, 2*w - 1 + 11 = 2*q. Let v be 2/8 - 23/w. Let a(f) = f - 7. Give a(v).
-1
Let o be 73/4 - (-6)/8. Let u = -18 + o. Let i(r) = -5*r**2 + r - 1. Give i(u).
-5
Let a(f) = f + 1. Suppose -5*g + 5*b = -20, 0*g = 3*g - b - 8. Let y be (1/(-3))/(g/(-30)). Calculate a(y).
6
Let l be ((-2)/(-4))/(5/40). Suppose l*w = 7*w - 15. Let y(t) = t**2 - 3*t - 7. Determine y(w).
3
Suppose 4*w + 5*n = -1, -w + n = 2*n. Suppose -2*b = -0*h + h - w, -h = -5*b + 6. Let p(r) = 0*r**3 - 3*r**3 - 2*r**2 + 9*r**3 + r. What is p(b)?
5
Let r(l) = -l + 1. Let m be (-1)/(-5) + (-4182)/(-15). Let d be ((-2)/(-3))/(6/m). Suppose -5*k - d = -6. Calculate r(k).
6
Let t(g) = 3*g**2 - 3*g + 3*g**2 + 2 - 4*g**2. Calculate t(3).
11
Let m(b) = 2*b + 15. Let y(r) = -4*r - 29. Let h(w) = 11*m(w) + 6*y(w). Determine h(-6).
3
Suppose 5*u = 25, u - 21 = -2*o - 2*u. Let x(v) = 5*v + v - v**o - 4*v - 3*v**2. Suppose -m = 5*k + 22 - 7, -3*k + 3*m - 27 = 0. Calculate x(k).
8
Let s be 26/(-14) - 9/63. Let j(h) be the third derivative of -h**5/15 - h**4/24 - h**3/3 + 4*h**2. Calculate j(s).
-16
Let w(q) = q**2 - q + 1. Let f(c) = 4*c - 5. Let p(y) = f(y) + 6*w(y). Determine p(1).
5
Let k(n) = 4*n**3 + 2*n - 1. Suppose p + 4*j + 29 = 0, -3*j = -2*p + j + 2. Let s = -11 - p. Let x = -1 - s. What is k(x)?
5
Suppose -14*d + 17*d = 6. Suppose 0 = 2*r - p - p - 10, -r + 2*p + 5 = 0. Let x(u) = -2 - 2*u - 2*u + r. Calculate x(d).
-5
Let h(y) = y + 10. Suppose 2*w - 3*w = 10. Calculate h(w).
0
Let b be 4/(-2)*(1 - 2). Let q be 4*1/(b/(-12)). Let f be q/(-9)*(-3)/(-2). Let o(a) = -a. What is o(f)?
-4
Suppose 2*h + 8 = -4. Let d be (2/h)/((-3)/18). Let c(j) = j + 1. Determine c(d).
3
Suppose -6 = -2*f + 6. Let m(x) = -2 - x**3 - f*x**2 - 6*x + 0*x**3 + 0. Suppose 2*y - 3*k + 1 - 5 = 0, 2*y = 2*k. Give m(y).
-10
Suppose 4*s - 2*s + 4 = -2*v, 5*s = 3*v - 34. Suppose -2 - 3 = y + 4*p, 2*y - p = 8. Let k(w) = -w**y - 2*w + 7 - 6*w**2 + 0 - w. What is k(s)?
-3
Let c(s) = s**2 + s + 1. Let r be 1/((-3)/(-6)) - -2. Suppose -r*p = p. Suppose 4*h + 0 + 4 = p. Determine c(h).
1
Suppose -5*z = 4*d - 2*d - 13, 5*z - 11 = -4*d. Suppose l + z - 6 = 0. Let t(o) = o**3 - 4*o**2 + o. What is t(l)?
-6
Let f(p) = -1 + 2*p + 2 - 5 - p**3 - p**2 + 0. Calculate f(-3).
8
Let x(b) = -3*b - 1 + 3*b - b. Calculate x(-7).
6
Let k(l) = -l**3 + 4*l**2 + l + 3. Let z(x) = -x**2 - x - 1. Let g(a) = 7*a**2 + 3*a + 6. Let m(b) = g(b) + 2*z(b). Let v(c) = -4*k(c) + 3*m(c). What is v(-1)?
-4
Let h(m) = -3 + m**2 - 3*m**2 + 6*m - m - m. Determine h(3).
-9
Let l(y) = 2*y + 2. Let d be (0 - 1)*(-21 + 18). Calculate l(d).
8
Suppose -7*m + 55 = 4*m. Let n(a) = -a**2 + a - 1. Let d(s) be the second derivative of -s**4/3 - s**3/3 - s**2/2 - s. Let v(i) = d(i) - 5*n(i). Calculate v(m).
-6
Suppose -5*x = 17 - 2. Let y(b) = -3*b**2 - 5*b + 2. Let m(s) = 4*s**2 + 6*s - 3. Let w(p) = -2*m(p) - 3*y(p). What is w(x)?
0
Let k(z) = -7*z. Let p(v) = 28*v. Let j(n) = -21*k(n) - 5*p(n). Calculate j(-1).
-7
Let q(l) = -2*l**2 + 4*l - 3. Let t(s) = -s + 8. Let u be ((-24)/(-10))/(2/(-10)). Let d be (u/(-10))/((-3)/(-15)). Let o be t(d). Determine q(o).
-3
Let i = 8 + -4. Let b be 2/(-6) - (-30)/9. Suppose -i = z + b*z - 5*p, -3*p - 4 = -4*z. Let l(d) = -2*d + 2. Determine l(z).
-6
Suppose -12 = 25*t - 27*t. Suppose 5*m = 5*w - 20, 6 = -w - t*m + 2*m. Let v(a) = -2*a**2 - 3*a + 3. Determine v(w).
-11
Let v(t) = 4*t**2 - 13*t - 2. Let l(b) = -5*b**2 + 13*b + 1. Let c(w) = 3*l(w) + 4*v(w). Let h be c(13). Let y(n) = -n**2 - 5*n + 3. Determine y(h).
3
Let n(a) = a**2 - 5*a + 4. Let y be n(4). Suppose y = -5*x - 7 + 37. Let h(l) = 3*l - 3*l - l + x. Give h(5).
1
Let n(l) = 2*l**2 + 6*l - 5. Let d be n(-5). Suppose 4 = -3*g - 29. Let x = d + g. Let z(m) = -m**2 + 6*m + 2. Determine z(x).
10
Let j(n) = 1 + n**3 - n**2 - n - 2 - 2 + 4. Let s = -39 + 40. Calculate j(s).
0
Let g(f) = 2*f**2 - 5*f + 5. Let x(j) = -21*j**2 + 49*j - 49. Let i(n) = 49*g(n) + 5*x(n). Give i(1).
-7
Let q(k) = -k**3 + 4*k**2 + 3*k - 2. Suppose 0 = 6*w + 9*w - 45. Give q(w).
16
Let t(c) = -2*c + 5*c - 5*c. What is t(-1)?
2
Suppose -2*n + 7 = -13. Let i(q) = -q**3 + 11*q**2 - 10*q - 5. Let t be i(n). Let w(y) = 6*y + 0*y**2 + y**2 - 2*y. Give w(t).
5
Let g be (-2 - -3) + (0 - -2). Let m(y) = -6 + 5*y - 3 - 2*y + g. Let a be 3 + 2 + 1 + -2. Calculate m(a).
6
Let b(w) = w**3 + 3*w**2 - 3*w - 1. Suppose 2*j + j = 24. Suppose a + j = -a. Calculate b(a).
-5
Let t(z) = -z - 4. Suppose 0 + 2 = -m. Let p = 0 + m. Let h be 1/p*-2*-4. What is t(h)?
0
Let n(k) = 11*k**2 - 11*k + 6. Let a(c) = 7*c**2 - 7*c + 4. Let t(l) = -8*a(l) + 5*n(l). Let p be ((7 - -1)/(-2))/(-2). What is t(p)?
-4
L